NOAA-Style Climate Reports For Plover Wisconsin
Select a Year or Month report
2024: Jan Feb Mar Apr May Jun Jul Aug Sep Oct Nov Dec
2023: Jan Feb Mar Apr May Jun Jul Aug Sep Oct Nov Dec
2022: Jan Feb Mar Apr May Jun Jul Aug Sep Oct Nov Dec
2021: Jan Feb Mar Apr May Jun Jul Aug Sep Oct Nov Dec
2020: Jan Feb Mar Apr May Jun Jul Aug Sep Oct Nov Dec
2019: Jan Feb Mar Apr May Jun Jul Aug Sep Oct Nov Dec
2018: Jan Feb Mar Apr May Jun Jul Aug Sep Oct Nov Dec
2017: Jan Feb Mar Apr May Jun Jul Aug Sep Oct Nov Dec
2016: Jan Feb Mar Apr May Jun Jul Aug Sep Oct Nov Dec
2015: Jan Feb Mar Apr May Jun Jul Aug Sep Oct Nov Dec
2014: Jan Feb Mar Apr May Jun Jul Aug Sep Oct Nov Dec
2013: Jan Feb Mar Apr May Jun Jul Aug Sep Oct Nov Dec
2012: Jan Feb Mar Apr May Jun Jul Aug Sep Oct Nov Dec
2011: Jan Feb Mar Apr May Jun Jul Aug Sep Oct Nov Dec
2010: Jan Feb Mar Apr May Jun Jul Aug Sep Oct Nov Dec
2009: Jan Feb Mar Apr May Jun Jul Aug Sep Oct Nov Dec
2008: Jan Feb Mar Apr May Jun Jul Aug Sep Oct Nov Dec
2007: Jan Feb Mar Apr May Jun Jul Aug Sep Oct Nov Dec
2006: Jan Feb Mar Apr May Jun Jul Aug Sep Oct Nov Dec
2005: Jan Feb Mar Apr May Jun Jul Aug Sep Oct Nov Dec
2004: Jan Feb Mar Apr May Jun Jul Aug Sep Oct Nov Dec
2023: Jan Feb Mar Apr May Jun Jul Aug Sep Oct Nov Dec
2022: Jan Feb Mar Apr May Jun Jul Aug Sep Oct Nov Dec
2021: Jan Feb Mar Apr May Jun Jul Aug Sep Oct Nov Dec
2020: Jan Feb Mar Apr May Jun Jul Aug Sep Oct Nov Dec
2019: Jan Feb Mar Apr May Jun Jul Aug Sep Oct Nov Dec
2018: Jan Feb Mar Apr May Jun Jul Aug Sep Oct Nov Dec
2017: Jan Feb Mar Apr May Jun Jul Aug Sep Oct Nov Dec
2016: Jan Feb Mar Apr May Jun Jul Aug Sep Oct Nov Dec
2015: Jan Feb Mar Apr May Jun Jul Aug Sep Oct Nov Dec
2014: Jan Feb Mar Apr May Jun Jul Aug Sep Oct Nov Dec
2013: Jan Feb Mar Apr May Jun Jul Aug Sep Oct Nov Dec
2012: Jan Feb Mar Apr May Jun Jul Aug Sep Oct Nov Dec
2011: Jan Feb Mar Apr May Jun Jul Aug Sep Oct Nov Dec
2010: Jan Feb Mar Apr May Jun Jul Aug Sep Oct Nov Dec
2009: Jan Feb Mar Apr May Jun Jul Aug Sep Oct Nov Dec
2008: Jan Feb Mar Apr May Jun Jul Aug Sep Oct Nov Dec
2007: Jan Feb Mar Apr May Jun Jul Aug Sep Oct Nov Dec
2006: Jan Feb Mar Apr May Jun Jul Aug Sep Oct Nov Dec
2005: Jan Feb Mar Apr May Jun Jul Aug Sep Oct Nov Dec
2004: Jan Feb Mar Apr May Jun Jul Aug Sep Oct Nov Dec
Report for 2024 April
Daily NOAA report MONTHLY CLIMATOLOGICAL SUMMARY for APR. 2024 NAME: CITY: STATE: ELEV: LAT: LONG: TEMPERATURE ( °F), RAIN (in.), WIND SPEED (mph) HEAT COOL AVG MEAN DEG DEG WIND DOM DAY TEMP HIGH TIME LOW TIME DAYS DAYS RAIN SPEED HIGH TIME DIR -------------------------------------------------------------------------------------------------------- 01 36.7 041.0 11:44 34.4 19:53 28.3 00.0 00.13 07.4 23.0 05:17 ENE 02 34.6 035.9 02:38 33.4 04:44 30.3 00.0 00.63 09.5 31.1 23:46 NNE 03 35.6 037.3 13:26 34.5 08:44 29.4 00.0 00.13 12.9 35.6 12:57 N 04 39.1 044.8 14:13 34.7 07:50 25.8 00.0 00.01 09.0 24.1 06:04 N 05 43.0 054.5 17:03 32.4 04:46 21.9 00.0 00.00 04.7 18.4 10:08 NNE 06 43.7 057.1 14:41 27.0 06:57 21.3 00.0 00.00 04.6 19.6 12:45 E 07 42.7 051.7 13:22 36.2 04:51 22.3 00.0 00.14 08.7 34.5 13:55 E 08 49.8 058.7 13:10 43.0 22:18 15.1 00.0 00.00 07.4 26.4 15:02 SSW 09 49.6 059.8 16:58 43.3 03:19 15.3 00.0 00.02 05.6 23.0 11:40 W 10 55.0 070.7 14:28 39.7 05:46 09.9 00.0 00.00 04.4 21.9 14:25 SW 11 53.2 061.8 16:27 41.3 06:15 11.7 00.0 00.03 03.4 18.4 17:23 NE 12 51.7 060.4 13:33 41.2 00:00 13.3 00.0 00.00 09.0 32.2 14:48 NW 13 54.6 072.7 16:37 31.1 06:51 10.3 00.0 00.00 05.9 26.4 17:20 SW 14 63.8 076.8 14:22 45.8 06:56 01.1 00.0 00.00 05.6 29.9 14:51 NW 15 57.2 070.4 15:55 40.5 07:04 07.7 00.0 00.00 05.0 19.6 14:02 N 16 52.6 065.3 14:31 44.4 05:34 12.4 00.0 00.86 12.6 40.3 19:14 E 17 50.6 059.5 12:33 47.2 23:39 14.3 00.0 01.00 09.8 32.2 01:20 WNW 18 47.3 053.6 12:11 40.6 05:36 17.6 00.0 00.05 05.7 19.6 23:46 WSW 19 40.3 047.0 13:40 36.1 06:17 24.7 00.0 00.00 11.3 34.5 14:03 W 20 36.1 039.6 17:42 31.5 00:00 28.9 00.0 00.00 08.3 26.4 08:37 WNW 21 43.8 058.5 16:32 25.5 06:25 21.1 00.0 00.00 06.3 26.4 15:04 W 22 52.5 069.4 14:16 33.2 06:08 12.4 00.0 00.00 08.7 34.5 18:36 SSW 23 54.6 068.6 12:49 38.5 00:00 10.4 00.0 00.00 09.0 32.2 12:43 WNW 24 43.3 055.0 16:44 27.4 06:39 21.6 00.0 00.00 03.8 19.6 02:46 NE 25 48.7 065.1 14:23 31.9 06:21 16.2 00.0 00.00 04.6 20.7 16:16 SE 26 48.8 061.1 14:35 38.6 05:16 16.2 00.0 00.22 08.3 33.4 18:58 ESE -------------------------------------------------------------------------------------------------------- 47.3 (47.1) 76.8 day 14 25.5 day 21 459.6 000.0 03.22 07.4 40.3 day 19 NNW Min < 86: 26 Max Rain: 1.00 ON 17-04-24 Days of Rain: 11 (> .008in) 7 (> .08in) 2 (> 0.8in)